 15 = 0. Suppose 5*l - 780 = -r + 1507, -15 = z*r. What is the hundreds digit of l?
4
Suppose -19*o = 14 + 43. Let g(h) = 71*h - 1. Let x be g(-1). What is the tens digit of ((-6)/o)/(-2) - x?
7
Let v(a) = -a**3 + 12*a**2 - 19*a + 12. Let z be v(10). Let g be 2*-1 + 218/2. Let b = g + z. What is the tens digit of b?
2
Let i(h) = 2*h**2 - 13*h + 10. Let m be i(6). Suppose -4*a = -3*d + m*d - 3362, a - 849 = 4*d. What is the hundreds digit of a?
8
What is the units digit of (-2)/(-18) - 1014895/(-315)?
2
What is the hundreds digit of 6*(-11)/4*(-206)/3?
1
What is the hundreds digit of ((-8)/(-6))/(632/9268122)?
5
Let i = -9502 + 13919. What is the hundreds digit of i?
4
Let i(u) = u**3 - 9*u**2 - 2*u + 195. Let l(x) = -x**3 - 6*x**2 - 3*x - 18. Let q be l(-6). What is the tens digit of i(q)?
9
Let b(v) = v**3 - 21*v**2 - 46*v. Let y be b(23). Suppose -5*t + 5 = y, 3*x + 4*t = 2*t + 188. What is the units digit of x?
2
Let h(g) = 3*g**3 - 17*g**2 + 37*g - 101. What is the thousands digit of h(12)?
3
Suppose y - 13198 = -2*x, -6*x = -8*x - 2*y + 13198. What is the hundreds digit of x?
5
Suppose 2*w = -3*k - k + 29026, 4*w + 36250 = 5*k. Suppose 0 = 351*f - 345*f - k. What is the tens digit of f?
0
Let c(g) = 9100*g + 9 - 31 - 9104*g. Suppose 0 = 5*q + 39 + 11. What is the tens digit of c(q)?
1
Suppose 0 = 2*w + 4*n - 21662, w + 4*n + 6947 = 17772. What is the thousands digit of w?
0
Let j(b) = 85*b**3 + 4*b**2 - 3*b + 4. Let z be (-4)/(-3) + 116/174. What is the hundreds digit of j(z)?
6
Let d = -532 - 12. Let t be (4*20/48)/(1/6). What is the units digit of (-22)/55 - d/t?
4
Suppose 3*s - 10 = s - d, -3*s - 2*d = -14. Let t(o) = s*o - 11*o - 12*o - 11. What is the tens digit of t(-3)?
4
Suppose -22*t = 28*t + 136891 - 483091. What is the thousands digit of t?
6
Let d(i) = 2*i + 20. Let z be d(-9). Suppose -3*u + 15 = -z*u. Let t = 17 - u. What is the units digit of t?
2
Suppose -5*f - 15*d = -18*d - 40744, -40758 = -5*f - 4*d. What is the tens digit of f?
5
Suppose 3 + 3 = c + 3*j, -4*c + 24 = -5*j. Suppose 5*b - 38 = 3*w, c*w - 20 = w. What is the hundreds digit of (-12)/b*(-8715)/42?
2
Let c be 31776/9 + 24/(-36). Let f = 5120 - c. What is the units digit of f?
0
Let r(c) = 8*c**2 + c - 8. Suppose -24 = 2*o + 40. Let f = o + 28. What is the hundreds digit of r(f)?
1
Let m = 4 + -2. Let f be m + -2 - -189 - -2. Suppose -z = -2*n + 5 - f, 5*z + n = 930. What is the hundreds digit of z?
1
Let j be (2981 - 1) + 1*-4. Suppose 731 + 1494 = 3*n + 2*x, -j = -4*n - 5*x. What is the tens digit of n?
3
Let m(w) = w**2 + 17*w + 57. Let k be m(-8). What is the tens digit of 4 - (5 + k)*282/10?
8
Let s(j) = 2298*j - 3134. What is the ten thousands digit of s(14)?
2
Let q(m) = 32*m + 180. Let y be q(19). Suppose -784*u + y*u = 2904. What is the units digit of u?
6
Let f(h) = 2*h**3 + 2*h**2 - 2*h + 1. Let p be f(1). Let d be p*(-8)/12 + 21. Suppose -14*m + d*m = 515. What is the hundreds digit of m?
1
Let z be 3/27 + (-34)/(-18). Let j be 2/2*-4*(z - 1). Let p(t) = -30*t + 13. What is the units digit of p(j)?
3
Let m be (-2)/10 + 87*4/(-60). Let c(p) = -p**3 - 6*p**2 - 13*p + 5. Let d be c(m). Let s = 203 - d. What is the hundreds digit of s?
1
Let u(w) = 25*w**3 + w**2 - 14*w + 1. Let b(z) = 13*z**3 - 6*z + 1. Let a(g) = 5*b(g) - 2*u(g). What is the hundreds digit of a(2)?
1
Let h = 270 - 268. Suppose 2*x - 201 = h*p - 1423, 4*x + 16 = 0. What is the tens digit of p?
0
Let z(y) = -6*y**3 + 2*y**2 + 4*y + 2. Let b be z(-1). Suppose 4*r - 12 = -k, -5*k = -2*r - 3*k + b. Suppose -45 + 42 = -r*a. What is the units digit of a?
1
Let c = 585 + -602. Let g(m) = -120*m - 270. What is the tens digit of g(c)?
7
Let y(g) = 3*g**2 - 4*g. Let p be 28/5 - 22/(-55). Let v be y(p). Let s = 159 - v. What is the tens digit of s?
7
Let g(b) = 24*b**2 - 34*b - 308. What is the thousands digit of g(25)?
3
Let v(f) = 63*f**2 + 5*f - 17. Let w be v(4). Let y = -665 + w. What is the tens digit of y?
4
Let p(y) = 2*y + 6. Let f be p(-3). Let t be ((-6)/4)/((-15)/10)*f. Suppose -5*n - 2 + 22 = t. What is the units digit of n?
4
Let p = 2764 + 15904. What is the tens digit of p?
6
Suppose -458*o + 453*o = -196320. What is the thousands digit of o?
9
Let l(k) = 3*k**3 - 38*k**2 - 13*k + 18. Let n be l(10). Let y = 1297 + n. What is the units digit of y?
5
Let z(b) = -227*b + 294. Let w(u) = 75*u - 99. Let s(x) = 11*w(x) + 4*z(x). What is the tens digit of s(-6)?
8
Let f(g) = 36751*g - 350. What is the units digit of f(1)?
1
Suppose -35*q + 43*q = 29*q - 396669. What is the units digit of q?
9
Suppose 4*r = r. Suppose -3*k + h = -552, 940 = -r*k + 5*k + 5*h. What is the units digit of k?
5
Suppose 0*z - 8 = -2*p + 2*z, 0 = -4*p + 5*z + 18. Suppose -1236 = 5*u + 3*w, -p*u - 283 = -w + 218. Let l = -95 - u. What is the units digit of l?
4
Suppose -113*j - 929775 = -168*j. What is the ten thousands digit of j?
1
Suppose -4*v = 52 - 260. What is the units digit of ((-2)/18)/(v/(-2340))?
5
What is the hundreds digit of ((-15245)/(-30))/((-1)/(-6))?
0
Let n = 77724 - 43575. What is the units digit of n?
9
Let d(v) = 26 + 8 - 32 + 165*v + 49*v + 29. What is the tens digit of d(5)?
0
Suppose 3*f - 9 = 0, 2*r = 3*r - 5*f + 12. Suppose -r - 1 = 4*g. What is the units digit of (g*10)/(-5) + 38?
0
Let x = -115 - -125. Let m be x*(4 - 6/12). What is the tens digit of 1*9*2/15*m?
4
Let f = 121 - -22. Suppose 148*s = f*s - 50. What is the tens digit of (-4)/s + 8204/140?
5
Let y be (-2)/4*-21*(2 - 0). Let v be (-2)/((-15)/6 + 3). Let p = y + v. What is the tens digit of p?
1
Let h = -115 + 397. Let y be 12/2*h/18. Suppose 0 = 5*f + 3*z - 551, -2*f + y = -3*z - 139. What is the tens digit of f?
1
Suppose -j = -114 - 350. Suppose j = 14*u - 4604. What is the tens digit of u?
6
Let g(v) = 3*v**2 + v - 216. Let i be (-22)/(-4)*(7 - 3). What is the hundreds digit of g(i)?
2
Let q(v) = -124*v - 2134. What is the thousands digit of q(-42)?
3
Let f(o) = o**2 + 9*o + 20. Let c be f(-4). Suppose c = -8*l + 642 + 870. What is the hundreds digit of l?
1
Suppose 41*k + 2*k - 61963 = 0. What is the hundreds digit of k?
4
Let k = -52 - -49. Let f be 6 - 5 - 558/k. Suppose 7*v - 30 - f = 0. What is the units digit of v?
1
Let p(n) = -4*n - 2*n**2 + 3 + 1 - 11 + 10*n. Let i be p(11). What is the tens digit of 3*i/27*-3?
6
Let p be (-2 - 33/(-6))*2. Suppose a - p*a + 12 = 0. What is the units digit of 35 + 1*(0 - a)?
3
Let m(n) = -5*n - 45. Suppose 7*q - 9*q = 4, 0 = 4*x - 3*q - 50. Suppose -132 = -0*a + x*a. What is the tens digit of m(a)?
1
Let f(t) = -t**3 - 7*t**2. Let c be f(-7). Let q be 6/30 + 14/5 + c. Suppose 226 = 2*h - q*r, 2*r = -2*h - 3*r + 210. What is the hundreds digit of h?
1
Let g(y) = 2*y - 160. Let p be g(21). Let d be (-176)/6*(-234)/24. Let x = d + p. What is the units digit of x?
8
Let m(u) = u**2 + 49*u + 189. Let r be m(-44). Let n(y) = y**2 - 10*y - 66. What is the units digit of n(r)?
5
Suppose -279*f = -10341489 + 219369. What is the units digit of f?
0
Suppose 35 - 2 = 11*d. Let l(n) = -12*n**d - 29 + 31 - 3*n**2 - 7*n - 2*n**2 - n**2. What is the units digit of l(-2)?
8
Let b = 199 - 194. Suppose -b*t + 161 = -1884. What is the units digit of t?
9
Let u = -5 - -5. Suppose -6*v = -u*v + v. Suppose -4*k = 5*n - 716, -5*n - k + 6*k + 725 = v. What is the hundreds digit of n?
1
What is the thousands digit of 2/(57344/486268 + 4/(-34))?
7
Suppose -233*h + 67*h = -5468704. What is the ten thousands digit of h?
3
Let u be 22205/15 - 6/(-9). Suppose u = -8*t + 4809. What is the units digit of t?
6
What is the thousands digit of 3 + (-87)/(-116) + -6*(-15902)/16?
5
Let v = 1048 - 390. Let b = 1 + 4. Suppose 0 = 6*o - 3*o + b*j - v, -3*o + 640 = -4*j. What is the hundreds digit of o?
2
Suppose -7*b + 8 = -3*b. Let u(k) = -4*k - 2*k**2 + 1 + 3*k**b - 1 + 2. What is the units digit of u(8)?
4
Let u(g) = -g**3 + g**2 + 18*g - 3. Let d be u(4). What is the tens digit of (0 + 3)/(d/1694)?
4
Let g(u) = -64*u**3 + 3*u**2 + 3*u + 42. What is the tens digit of g(-4)?
7
Suppose 2*z - 15771 = -3*y, -75*y + 15776 = 2*z - 77*y. What is the thousands digit of z?
7
Suppose n = -4, 3*n + 2 = -2*y - 4. Suppose -3 = -y*m + 12. Suppose 5*k + 760 = m*d, 7*d - 146 = 6*d - k. What is the units digit of d?
9
Suppose 